 of 28 - (26 + -58) - (-2 - -4)?
58
Evaluate 19 - (-5 + 27 + 34 - -11).
-48
52 + -54 - (-21 - -16 - 19)
22
(-37 - 1) + (1535 - 1542 - (-12 + 2 - 2))
-33
-26 - ((-36 - -9) + -37)
38
Calculate -256 + 80 + (129 - 69).
-116
(-166 - -179) + (-94 - 18)
-99
Evaluate 80 - ((-139 - 7) + 132).
94
Calculate -16 - (-26 + -6 + 38).
-22
What is the value of (-61 + 150 - 43) + -66?
-20
Calculate (34 - 71) + (2 - (4 - 1)).
-38
2 - (-53 - (-41 - 30))
-16
(-98 - -87) + (29 + -9 - 18) + -6 + 1
-14
What is -12 + (-19 + 20 - -3) + -14?
-22
Evaluate (13 - 29) + 36 + 20.
40
Evaluate (305 - 267) + 2 + -6 + 66.
100
What is -32 + 0 - (528 - 560)?
0
Evaluate 4 + -1 - (-54 + (-73 - -120)).
10
What is the value of 15 - (41 + -22 + -4 + -11)?
11
Calculate 2 - ((2 - -1 - (-34 + 49)) + 14).
0
What is the value of 8 + 9 + -7 + -31 - (-12 - -9)?
-18
What is the value of (9 - -5) + 27 + 38 - -20?
99
Calculate (924 - 881) + (0 - -1) + -19.
25
(24 - -82) + -129 - (-1 - 66)
44
Calculate -4 - 2 - -8 - -6 - 0 - 6.
2
What is the value of (10 + (0 - 2) + -5 + -2 - 5) + 52?
48
Calculate 3 - ((18 - 0) + (16 + -22 - 4 - -2)).
-7
Evaluate (25 + -13 - 6) + -2.
4
What is 2 + (-12 - 26) + 8 - (3 - (-1 - 4))?
-36
104 - (-80 - -104) - 111
-31
11 + -17 + 8 - 10 - 0 - 5
-13
What is the value of 3 - 19 - (-63 + (0 - (29 + -34)))?
42
What is (24 + -19 - -11) + -15 - (1 - 25)?
25
What is -20 + 14 + -6 + (6 - 16) + 55?
33
Evaluate 14 - (-53 + (45 - 12)).
34
What is the value of 2 + -44 + (-20 - -51 - 1) + -29?
-41
Evaluate 203 + -221 + (-1 - -16) + -19.
-22
What is (50 - 31) + (-56 - -54)?
17
96 - (-9 - (-126 + 101 + 8 + 1))
89
What is the value of (-1 - -33) + (-145 - -23) + 29?
-61
Calculate -1 + -1 + (-14 - 8) + 72 - 5.
43
Evaluate 33 - (9 - (-5 + (-2 - -12) - 4)).
25
What is 2 + -33 + 1 + (-788 - -767) + 32 + 1?
-18
Evaluate -14 - 33 - (100 + -161).
14
Calculate (-8 - -37) + -423 + 375.
-19
(-278 - -154) + 132 - (-4 + -4 + (2 - 0))
14
Calculate -10 + 128 - (275 - 67).
-90
Evaluate 49 - (243 - (41 - (11 + -19))).
-145
Calculate -2 - -2 - (105 - 54).
-51
What is 403 - 380 - (21 + -1)?
3
Evaluate 0 - (-1 + 0 - (50 + -27)).
24
3 + 0 - (5 + 7 + -105) - (110 - 103)
89
Calculate 131 + -137 + (19 + -18 - -66).
61
What is the value of -17 - (-11 + -13) - 6 - 0 - 117?
-116
(-57 - -22) + 61 - 21
5
Calculate 20 + (-13 - -22 - 44).
-15
What is the value of (11 - 6) + (13 - -19) + (-3 - (-4 + 1))?
37
Calculate 44 - (2 + -11 + (24 + 8 + -21 - 5)).
47
What is the value of 27 - ((-2 - (2 + -12)) + -7195 + 7209)?
5
Evaluate 25 + -26 + -2 - -3 - (29 + 1).
-30
What is the value of (34 - (26 - (-40 - -45))) + 22 + 0?
35
Calculate -7 + -1 - (6 + 27 - 9).
-32
Calculate -1 + 16 - (390 - 419) - 5.
39
Evaluate -78 - -386 - 288 - (1 + 99).
-80
Evaluate -61 - (13 - -53 - 65).
-62
Evaluate 28 + 21 + -12 + -17 + -14.
6
((2 - 2) + -8 - (-513 + 515)) + -9 + -70
-89
What is the value of -20 + (28 - 71 - -72)?
9
40 - 39 - 4 - -74
71
Calculate (35 + -14 - (8 - -128)) + 15.
-100
Evaluate -70 + (-7 - (1 - (8 + -3) - (-214 - -206))).
-81
What is -4 + (62 + -33 - 16)?
9
17 + (2 - (3 - (27 + -13))) + 5 + -19
16
What is the value of -68 - (28 - (6 + 4 + 88 + -81))?
-79
Evaluate -57 - (-25 - (-10 + (1 - 7))).
-48
Evaluate (136 - 266) + 218 - 101.
-13
What is the value of (25 - (47 - 8 - -39)) + -5 + 0?
-58
Calculate -118 - (83 + -134) - -98.
31
-11 + -8 + 5 - (-818 - -751 - (-32 + 1))
22
What is the value of -4 + -11 + -23 + 4 + -33?
-67
Calculate -55 + 12 + 389 + -324.
22
(29 + -3 - (44 + -3 + -25)) + 0 + -5
5
Evaluate 4 + -29 - (-94 - -62) - (-93 - 4 - 4).
108
60 + -2 + 1 + -794 + 785
50
What is 13 + (26 - 5) + 2 + -2 + 6?
40
-7 + (-103 - -112) - (5 + -3 - -75)
-75
Evaluate (212 + -165 - ((30 - 1) + -7)) + 2 + -2.
25
What is -38 + (-78 + 78 - (3 + 1))?
-42
What is the value of 53 - (-78 - (-42 - 97))?
-8
-7 - (4 - ((44 - 32) + (-1 - 6)) - -53)
-59
Evaluate (11 - -2) + (13 + -15 + 0 - 0).
11
What is the value of -22 + 15 + (26 - 5)?
14
What is -137 + 96 - (17 + -128)?
70
Calculate (-414 - -251 - -166) + 58 + (0 - 0).
61
Calculate -41 + (-4 + 2 + 3 - (-148 - -134)).
-26
What is -7 + (11 - (2 - 6)) + (-17 - 2)?
-11
What is 14 + 47 + -51 + (-2 - -4 - 6) + -37?
-31
What is (-29 + 21 - (16 + -6)) + 13?
-5
What is the value of 1 - (44 + -31) - -20 - (54 - -1)?
-47
Calculate 162 - (16 + -70 + 135).
81
(-5 - (-48 + 34)) + 2
11
-20 + (-5 - 4) + 14 + -8 + -2
-25
Evaluate (29 - -2) + -30 + (86 - 40) + -4.
43
Calculate -821 - -837 - (4 + 54).
-42
What is the value of -41 + ((-9 - 4) + 2 - (178 - 181))?
-49
Evaluate -1 - 4 - (4 + -21 - (-5 - -12)).
19
-15 + 51 + -38 - (-1 + -1)
0
What is the value of 14 + 0 + 2 + -4969 + 5062?
109
Evaluate -5 - 2 - (-69 + 3 + -14 - -19).
54
What is -39 + (2 + -9 - (-109 + 96))?
-33
Evaluate (-15 - 1) + (39 + -117 - -86) + -35.
-43
-73 - -220 - 90 - -65
122
What is the value of 11 + 40 + (11 - (1 - -20))?
41
Calculate 48 - (-86 - (-93 + 65)).
106
Calculate -79 + (62 - 23) - -34.
-6
Evaluate -2 - (14 + (-20 - (-12 - -10) - -12) - 19).
9
30 + 14 + (8 - (10 - -18))
24
What is 31 + (90 - 139) + 40?
22
(6 - -5) + (-11 - (-23 + 29))
-6
(-310 - -362 - 26) + 0 + -11
15
(15 - (7 - -2)) + (-1 - 4) - 12
-11
What is the value of -9120 + 9074 + 0 + 68?
22
Evaluate 5 - (-13 + 32 + -20 + (-1 - -15)) - -5.
-3
What is -50 + 45 + 35 + -26 + (-1 - (70 + 2))?
-69
What is the value of (-1 - -4) + -4 + (-7 - 7) + (-2 - -7)?
-10
What is 77 - (6 + -36 - (-3 - (21 + -6)))?
89
Evaluate 214 - (270 - 51) - ((0 - (2 - 44)) + 1).
-48
(-61 - 28) + (35 - -118)
64
Calculate (-1 - 19) + -69 + (31 - 51).
-109
(357 - 376) + (4 - 1) + 3 - -42
29
What is the value of -6 - (-18 - (1 - 23 - (11 + (-58 - -32))))?
5
Evaluate (12 - (49 - (-33 + 15))) + 15.
-40
What is the value of (-20 - -7 - -5) + -3 + 56?
45
What is 3 + (28 + -4 - -7)?
34
Evaluate 65 - -2 - (-37 + 74 - 52).
82
Calculate 32 - (48 + -23 - 47) - -9.
63
What is (17 - (50 - -11)) + 1 + -12 + 10?
-45
7 + -15 - (0 - -4 - (18 + -17 - 3))
-14
-11 + (5 - -5 - 11) + 21 + (35 - -1)
45
Calculate (-24 - 0) + (141 + -151 - (-12 + -2)).
-20
(-19 - 4 - 3 - 6) + (-36 - -13) + 20
-35
What is 19 - (3 + -2 + (3 - 2))?
17
Calculate -4 - ((7 - (-4 - -18)) + -1 - -54).
-50
Calculate -22 - (-50 + -11 - -64).
-25
What is the value of (-194 - -141) + (-3 - (-3 - 5)) + 3?
-45
Evaluate 42 - (-2 - (10 - (17 + 15))).
22
Calculate (25 - 0) + (-201 - 113 - -334).
45
What is -37 + 33 + 65 + -43?
18
(4 + -67 + 29 - -9) + -13 + 1
-37
What is -1 + 34 + (-1 + 16 - -1 - (-1044 - -1062))?
31
Calculate 53 + 0 + 5 + -8 + -4 + (31 - 25).
52
-73 + 8 - 23 - -115
27
What is (-41 - -48) + 19 - 17?
9
-31 + (1 - 1) + -10139 + 10200
30
Evaluate -74 + (100 - 40) + 33.
19
What is -1 + 12 + (-10 - -4) + (9 - -8 - -31)?
53
What is the value of (5 - 17) + -14 + -116 + 23?
-119
Calculate (31 - 28 - 7) + 31.
27
Evaluate (-4 - (-69 - 2)) + (-7 + -95 - -119).
84
Evaluate 8 + 6 - (15 - -4 - (9 + -3)).
1
15 + (-55 + 44 - (3 - -3))
-2
Evaluate (-3 - (-4 - -33)) + ((4 - 4) + -6 - -2).
-36
595 + -542 - (-4 + 42)
15
What is (-1 - 0 - 19) + (52774 - 52840)?
-86
Evaluate 0 + 54 + 28 + 54 + -98.
38
What is the value of -1 + 6 + 6 + (21 - 1) - 2?
29
Evaluate 7 + -7 + 5 - (7 + 7 + -4).
-5
Calculate 39 - (16 + -33) - 31.
25
What is the value of -282 - -321 - (2 - (35 + -8))?
64
Calculate (12 - 2) + (11 - (5 - (6 + -20))) + 7.
9
(9 - 70) + -9 + -19 + (5 - 0)
-84
(161 - 129) + -49 - (14 - 1)
-30
-88 + (25 - (9 + (12 - 4)))
-80
-2 - (-3 - (2 - (-29 + -17) - 16))
33
Calculate 23 - (104 - (11 + -5 + 21)).
-54
What is the value of 46 - (53 + -4) - (2 + 9 + 0)?
-14
What is -132 - (11 + (-66 - -29))?
-106
(22 - (10 - (-4 + 6 + 0))) + (-1 - 5)
8
What is the value of -2 + (-17 - -32) + 31 + (1 - 4) + -4?
37
9 - (-13 + (88 - (-3 + -4 - -20)))
-53
Calculate 58 + -144 + (-4 - -14).
-76
What is 0 - -31 - (62 - (-80 + 126))?
15
What is the value of -44 - -53 - (22 - 6) - (0 + -21)?
14
Evaluate -16 - (14 + 3 + -33 + 22 + -7).
-15
What is -15 - -10 - ((1 - -6) + (-5 - 10))?
3
-5 - -4 - (-77 + 81) - 21
-26
What is the value of 2 - (-2 + 45 + 2) - (-60 - 23 - -91)?
-51
Evaluate 13 + (-24 - (-58 + (-29 - -5))).
71
Calculate -4 + 8 + (-5 - (-8 - -8) - -5) - 35.
-31
What is -44 + 62 + (-23 - 4) - (96 - -1)?
-106
Calculate -23 + 31 - 57 - -51.
2
What is the value of -26 + 3 + 